{"id":5699,"date":"2019-03-26T13:40:26","date_gmt":"2019-03-26T13:40:26","guid":{"rendered":"http:\/\/www.beachvolleysgallspach.at\/?page_id=5699"},"modified":"2019-03-26T14:59:57","modified_gmt":"2019-03-26T14:59:57","slug":"mitglied-unterstuetzend","status":"publish","type":"page","link":"https:\/\/www.beachvolleysgallspach.at\/?page_id=5699","title":{"rendered":"Mitglied unterst\u00fctzend"},"content":{"rendered":"<p>Gerne kannst du unserem Verein als \u201eunterst\u00fctzendes Mitglied\u201c beitreten. Mit einem j\u00e4hrlichen Mitgliedsbeitrag von EUR 30,00 unterst\u00fctzt du den t\u00e4glichen Vereinsalltag und leistest damit einen wertvollen Beitrag zum erfolgreichen Bestand des Gallspacher Volleyballvereines. Dieser Beitrag wird zum Gro\u00dfteil f\u00fcr die Jugendarbeit bzw. Nachwuchsf\u00f6rderung verwendet.<\/p>\n<p>Wir w\u00fcrden uns freuen, wenn du folgendes Formular ausf\u00fcllst. Als Anerkennung f\u00fcr deine zuk\u00fcnftige Mitgliedschaft erh\u00e4ltst du ein kleines \u201ePr\u00e4sent\u201c. \ud83d\ude42<\/p>\n\n<div class=\"wpcf7 no-js\" id=\"wpcf7-f5758-o1\" lang=\"de-DE\" dir=\"ltr\">\n<div class=\"screen-reader-response\"><p role=\"status\" aria-live=\"polite\" aria-atomic=\"true\"><\/p> <ul><\/ul><\/div>\n<form action=\"\/index.php?rest_route=%2Fwp%2Fv2%2Fpages%2F5699#wpcf7-f5758-o1\" method=\"post\" class=\"wpcf7-form init\" aria-label=\"Kontaktformular\" novalidate=\"novalidate\" data-status=\"init\">\n<div style=\"display: none;\">\n<input type=\"hidden\" name=\"_wpcf7\" value=\"5758\" \/>\n<input type=\"hidden\" name=\"_wpcf7_version\" value=\"5.9.8\" \/>\n<input type=\"hidden\" name=\"_wpcf7_locale\" value=\"de_DE\" \/>\n<input type=\"hidden\" name=\"_wpcf7_unit_tag\" value=\"wpcf7-f5758-o1\" \/>\n<input type=\"hidden\" name=\"_wpcf7_container_post\" value=\"0\" \/>\n<input type=\"hidden\" name=\"_wpcf7_posted_data_hash\" value=\"\" \/>\n<\/div>\n<p>Vorname:<br \/>\n<span class=\"wpcf7-form-control-wrap\" data-name=\"Vorname\"><input size=\"40\" maxlength=\"400\" class=\"wpcf7-form-control wpcf7-text wpcf7-validates-as-required\" aria-required=\"true\" aria-invalid=\"false\" value=\"\" type=\"text\" name=\"Vorname\" \/><\/span>\n<\/p>\n<p>Nachname:<br \/>\n<span class=\"wpcf7-form-control-wrap\" data-name=\"Nachname\"><input size=\"40\" maxlength=\"400\" class=\"wpcf7-form-control wpcf7-text wpcf7-validates-as-required\" aria-required=\"true\" aria-invalid=\"false\" value=\"\" type=\"text\" name=\"Nachname\" \/><\/span>\n<\/p>\n<p>Geburtsdatum:<br \/>\n<span class=\"wpcf7-form-control-wrap\" data-name=\"Geburtsdatum\"><input size=\"40\" maxlength=\"400\" class=\"wpcf7-form-control wpcf7-text wpcf7-validates-as-required\" aria-required=\"true\" aria-invalid=\"false\" value=\"\" type=\"text\" name=\"Geburtsdatum\" \/><\/span>\n<\/p>\n<p>Stra\u00dfe u. Nr.:<br \/>\n<span class=\"wpcf7-form-control-wrap\" data-name=\"Straeunr\"><input size=\"40\" maxlength=\"400\" class=\"wpcf7-form-control wpcf7-text wpcf7-validates-as-required\" aria-required=\"true\" aria-invalid=\"false\" value=\"\" type=\"text\" name=\"Straeunr\" \/><\/span>\n<\/p>\n<p>Postleitzahl:<br \/>\n<span class=\"wpcf7-form-control-wrap\" data-name=\"Postleitzahl\"><input size=\"40\" maxlength=\"400\" class=\"wpcf7-form-control wpcf7-text wpcf7-validates-as-required\" aria-required=\"true\" aria-invalid=\"false\" value=\"\" type=\"text\" name=\"Postleitzahl\" \/><\/span>\n<\/p>\n<p>Wohnort:<br \/>\n<span class=\"wpcf7-form-control-wrap\" data-name=\"Wohnort\"><input size=\"40\" maxlength=\"400\" class=\"wpcf7-form-control wpcf7-text wpcf7-validates-as-required\" aria-required=\"true\" aria-invalid=\"false\" value=\"\" type=\"text\" name=\"Wohnort\" \/><\/span>\n<\/p>\n<p>Telefon-Nr.:<br \/>\n<span class=\"wpcf7-form-control-wrap\" data-name=\"tel-503\"><input size=\"40\" maxlength=\"400\" class=\"wpcf7-form-control wpcf7-tel wpcf7-validates-as-required wpcf7-text wpcf7-validates-as-tel\" aria-required=\"true\" aria-invalid=\"false\" value=\"\" type=\"tel\" name=\"tel-503\" \/><\/span>\n<\/p>\n<p>Email-Adresse:<br \/>\n<span class=\"wpcf7-form-control-wrap\" data-name=\"Email\"><input size=\"40\" maxlength=\"400\" class=\"wpcf7-form-control wpcf7-text wpcf7-validates-as-required\" aria-required=\"true\" aria-invalid=\"false\" value=\"\" type=\"text\" name=\"Email\" \/><\/span>\n<\/p>\n<p><input class=\"wpcf7-form-control wpcf7-submit has-spinner\" type=\"submit\" value=\"Senden\" \/>\n<\/p><p style=\"display: none !important;\" class=\"akismet-fields-container\" data-prefix=\"_wpcf7_ak_\"><label>\u0394<textarea name=\"_wpcf7_ak_hp_textarea\" cols=\"45\" rows=\"8\" maxlength=\"100\"><\/textarea><\/label><input type=\"hidden\" id=\"ak_js_1\" name=\"_wpcf7_ak_js\" value=\"41\"\/><script type=\"text\/javascript\">\n\/* <![CDATA[ *\/\ndocument.getElementById( \"ak_js_1\" ).setAttribute( \"value\", ( new Date() ).getTime() );\n\/* ]]> *\/\n<\/script>\n<\/p><div class=\"wpcf7-response-output\" aria-hidden=\"true\"><\/div>\n<\/form>\n<\/div>\n\n","protected":false},"excerpt":{"rendered":"<p>Gerne kannst du unserem Verein als \u201eunterst\u00fctzendes Mitglied\u201c beitreten. Mit einem j\u00e4hrlichen Mitgliedsbeitrag von EUR 30,00 unterst\u00fctzt du den t\u00e4glichen Vereinsalltag und leistest damit einen wertvollen Beitrag zum erfolgreichen Bestand [&hellip;]<\/p>\n","protected":false},"author":1,"featured_media":0,"parent":0,"menu_order":0,"comment_status":"closed","ping_status":"closed","template":"","meta":{"footnotes":""},"_links":{"self":[{"href":"https:\/\/www.beachvolleysgallspach.at\/index.php?rest_route=\/wp\/v2\/pages\/5699"}],"collection":[{"href":"https:\/\/www.beachvolleysgallspach.at\/index.php?rest_route=\/wp\/v2\/pages"}],"about":[{"href":"https:\/\/www.beachvolleysgallspach.at\/index.php?rest_route=\/wp\/v2\/types\/page"}],"author":[{"embeddable":true,"href":"https:\/\/www.beachvolleysgallspach.at\/index.php?rest_route=\/wp\/v2\/users\/1"}],"replies":[{"embeddable":true,"href":"https:\/\/www.beachvolleysgallspach.at\/index.php?rest_route=%2Fwp%2Fv2%2Fcomments&post=5699"}],"version-history":[{"count":12,"href":"https:\/\/www.beachvolleysgallspach.at\/index.php?rest_route=\/wp\/v2\/pages\/5699\/revisions"}],"predecessor-version":[{"id":5769,"href":"https:\/\/www.beachvolleysgallspach.at\/index.php?rest_route=\/wp\/v2\/pages\/5699\/revisions\/5769"}],"wp:attachment":[{"href":"https:\/\/www.beachvolleysgallspach.at\/index.php?rest_route=%2Fwp%2Fv2%2Fmedia&parent=5699"}],"curies":[{"name":"wp","href":"https:\/\/api.w.org\/{rel}","templated":true}]}}