{"id":461,"date":"2012-05-23T17:21:09","date_gmt":"2012-05-23T17:21:09","guid":{"rendered":"http:\/\/www.beachvolleysgallspach.at\/?page_id=461"},"modified":"2016-05-08T10:04:44","modified_gmt":"2016-05-08T10:04:44","slug":"spielort-2012","status":"publish","type":"page","link":"http:\/\/www.beachvolleysgallspach.at\/?page_id=461","title":{"rendered":"Spielort"},"content":{"rendered":"<p>Mitten im Zentrum des Landl`s entstand \u00fcber Initiative der Marktgemeinde Gallspach ein tolles Freizeitzentrum.<\/p>\n<p><iframe loading=\"lazy\" src=\"http:\/\/maps.google.at\/maps?f=q&amp;source=s_q&amp;hl=de&amp;geocode=&amp;q=Naturerlebnisbad,+Niederndorf,+Gallspach&amp;aq=0&amp;oq=naturerlebnisbad+gallspach&amp;sll=48.185254,16.363382&amp;sspn=0.064207,0.154324&amp;ie=UTF8&amp;hq=Naturerlebnisbad,&amp;hnear=Niederndorf,+Grieskirchen,+Ober%C3%B6sterreich&amp;ll=48.212892,13.81725&amp;spn=0.006295,0.011153&amp;t=f&amp;ecpose=48.21435651,13.81724995,36236.08,0,2.255,0&amp;output=embed\" width=\"425\" height=\"350\" frameborder=\"0\" marginwidth=\"0\" marginheight=\"0\" scrolling=\"no\"><\/iframe><br \/>\n<small><a style=\"color: #0000ff; text-align: left;\" href=\"http:\/\/maps.google.at\/maps?f=q&amp;source=embed&amp;hl=de&amp;geocode=&amp;q=Naturerlebnisbad,+Niederndorf,+Gallspach&amp;aq=0&amp;oq=naturerlebnisbad+gallspach&amp;sll=48.185254,16.363382&amp;sspn=0.064207,0.154324&amp;ie=UTF8&amp;hq=Naturerlebnisbad,&amp;hnear=Niederndorf,+Grieskirchen,+Ober%C3%B6sterreich&amp;ll=48.212892,13.81725&amp;spn=0.006295,0.011153&amp;t=f&amp;ecpose=48.21435651,13.81724995,36236.08,0,2.255,0\">Gr\u00f6\u00dfere Kartenansicht<\/a><\/small><\/p>\n<p>&nbsp;<\/p>\n<p>Die Gemeinde Gallspach freut sich den B\u00fcrgern und G\u00e4sten seit 2007 ein neues gro\u00dfz\u00fcgiges Naturerlebnisbad anbieten zu k\u00f6nnen.<\/p>\n<p><img loading=\"lazy\" decoding=\"async\" class=\"ngg-singlepic ngg-none\" src=\"http:\/\/www.beachvolleysgallspach.at\/wp-content\/gallery\/beachturnier-we-juli-2011\/img_6134.jpg\" alt=\"img_6134\" width=\"304\" height=\"227\" \/><\/p>\n<p>Der wesentliche Unterschied zu einem herk\u00f6mmlichen technischen Freibad besteht bei unserem Naturerlebnisbad darin, dass die Wasseraufbereitung auf nat\u00fcrliche Weise \u00fcber Pflanzenfilter und bepflanzte Regenerationsbereiche erfolgt.<\/p>\n<p>Das bedeutet herrlich weiches Wasser ohne Zusatz von Chemie (Chlor). Das hei\u00dft keine Angst vor Chlorallergien, keine brennenden Augen etc.<\/p>\n<p>\u00dcbrigens besteht beste Badewasserqualit\u00e4t. Die Wasserg\u00fcte der Badeteiche wird regelm\u00e4\u00dfig von einem unabh\u00e4ngigen Institut \u00fcberpr\u00fcft.<\/p>\n<p>Das Naturerlebnisbad verf\u00fcgt \u00fcber gro\u00dfz\u00fcgige teils von gro\u00dfen B\u00e4umen beschattete Liegefl\u00e4chen.<\/p>\n<p>Insgesamt verf\u00fcgt das Naturerlebnisbad auf dem 2 ha gro\u00dfen Areal \u00fcber eine Gesamtwasserfl\u00e4che von 4.400 m\u00b2; davon stehen 2.200 m\u00b2 f\u00fcr die Badeg\u00e4ste zur Verf\u00fcgung. Die restliche Wasserfl\u00e4che bilden die Regenerationsbecken.<\/p>\n<p>Damit auch Rollstuhlfahrer in den Genuss des Bades kommen k\u00f6nnen, wurde hierf\u00fcr ein spezieller Lift angeschafft.<\/p>\n<p>Attraktionen sind:<\/p>\n<ul>\n<li>ein gro\u00dfz\u00fcgiges Schwimmerbecken mit 50 m Bahnen<\/li>\n<li>ein Becken mit bekiesten Flachufern f\u00fcr die Nichtschwimmer sowie einen seichtem Badebereich f\u00fcr die Kleinkinder<\/li>\n<li>ein Spielbach mit Schleusen und Stauwehren<\/li>\n<li>Wasserspielplatz mit Ziehbrunnen u. Sand-\/Matschplatz<\/li>\n<li>\u00d6sterreichs erster Seiledschungel \u00fcber Wasser mit Balancierseilen, H\u00e4ngebr\u00fccken und H\u00e4ngestrecken<\/li>\n<li>1 Sprungturm (1,5 + 3 m ) und ein Federbrett<\/li>\n<li>1 Kletterwand<\/li>\n<li>1 gro\u00dfe Fu\u00dfballwiese<\/li>\n<li>familienfreundliche Eintrittspreise<\/li>\n<li>1 Tischtennistisch<\/li>\n<\/ul>\n<p>UND<\/p>\n<ul>\n<li><span style=\"text-decoration: underline;\"><strong>2 Vereins-Beachvolleyballpl\u00e4tze<\/strong><\/span><\/li>\n<\/ul>\n<p><a href=\"http:\/\/www.beachvolleysgallspach.at\/wp-content\/uploads\/1175693_672022119489489_36525264_n.jpg\" target=\"_blank\"><img loading=\"lazy\" decoding=\"async\" class=\"size-medium wp-image-1567 alignnone\" src=\"http:\/\/www.beachvolleysgallspach.at\/wp-content\/uploads\/1175693_672022119489489_36525264_n-300x225.jpg\" alt=\"1175693_672022119489489_36525264_n\" width=\"256\" height=\"192\" srcset=\"http:\/\/www.beachvolleysgallspach.at\/wp-content\/uploads\/1175693_672022119489489_36525264_n-300x225.jpg 300w, http:\/\/www.beachvolleysgallspach.at\/wp-content\/uploads\/1175693_672022119489489_36525264_n.jpg 960w\" sizes=\"(max-width: 256px) 100vw, 256px\" \/><\/a><a href=\"http:\/\/www.beachvolleysgallspach.at\/wp-content\/uploads\/1150988_667158906642477_1111020227_n.jpg\" target=\"_blank\"><img loading=\"lazy\" decoding=\"async\" class=\" wp-image-1568 alignright\" src=\"http:\/\/www.beachvolleysgallspach.at\/wp-content\/uploads\/1150988_667158906642477_1111020227_n-300x225.jpg\" alt=\"1150988_667158906642477_1111020227_n\" width=\"256\" height=\"191\" srcset=\"http:\/\/www.beachvolleysgallspach.at\/wp-content\/uploads\/1150988_667158906642477_1111020227_n-300x225.jpg 300w, http:\/\/www.beachvolleysgallspach.at\/wp-content\/uploads\/1150988_667158906642477_1111020227_n.jpg 960w\" sizes=\"(max-width: 256px) 100vw, 256px\" \/><\/a><\/p>\n<p>&nbsp;<\/p>\n<p>&nbsp;<\/p>\n<ul>\n<li><span style=\"text-decoration: underline;\"><strong>2 \u00f6ffentliche Beachvolleyballpl\u00e4tze<\/strong><\/span><\/li>\n<\/ul>\n<p><a href=\"http:\/\/www.beachvolleysgallspach.at\/wp-content\/uploads\/263133_222578351100537_204362686255437_778677_1002573_n2.jpg\"><img loading=\"lazy\" decoding=\"async\" class=\"wp-image-510 alignnone\" title=\"Platz 2\" src=\"http:\/\/www.beachvolleysgallspach.at\/wp-content\/uploads\/263133_222578351100537_204362686255437_778677_1002573_n2.jpg\" alt=\"\" width=\"256\" height=\"163\" \/><\/a><a href=\"http:\/\/www.beachvolleysgallspach.at\/wp-content\/uploads\/284099_239987449359627_204362686255437_831840_7767032_n1.jpg\"><img loading=\"lazy\" decoding=\"async\" class=\"wp-image-509 alignright\" title=\"Platz 1\" src=\"http:\/\/www.beachvolleysgallspach.at\/wp-content\/uploads\/284099_239987449359627_204362686255437_831840_7767032_n1.jpg\" alt=\"\" width=\"256\" height=\"199\" \/><\/a><span style=\"color: #ffffff;\">.<\/span><\/p>\n<p>&nbsp;<\/p>\n<p><iframe loading=\"lazy\" src=\"https:\/\/www.youtube.com\/embed\/pFyrx862Apo\" width=\"560\" height=\"315\" frameborder=\"0\" allowfullscreen=\"allowfullscreen\"><\/iframe><\/p>\n<p>&nbsp;<\/p>\n<p><a href=\"http:\/\/www.beachvolleysgallspach.at\/wp-content\/uploads\/1094958_669921169699584_1056162969_n.jpg\" target=\"_blank\"><img loading=\"lazy\" decoding=\"async\" class=\"alignnone size-full wp-image-1569\" src=\"http:\/\/www.beachvolleysgallspach.at\/wp-content\/uploads\/1094958_669921169699584_1056162969_n.jpg\" alt=\"1094958_669921169699584_1056162969_n\" width=\"960\" height=\"720\" srcset=\"http:\/\/www.beachvolleysgallspach.at\/wp-content\/uploads\/1094958_669921169699584_1056162969_n.jpg 960w, http:\/\/www.beachvolleysgallspach.at\/wp-content\/uploads\/1094958_669921169699584_1056162969_n-300x225.jpg 300w\" sizes=\"(max-width: 960px) 100vw, 960px\" \/><\/a><\/p>\n<p>Seit dem 17. Mai 2013 bl\u00fcht im Naturerlebnisbad Gallspach das neue Lokal <strong>&#8222;Mambo &#8211; Die Strandbar&#8220;<\/strong> ! Mitten im Naturerlebnis kann man ab sofort chilliges Strandfeeling genie\u00dfen! Eine tolle Bereicherung f\u00fcr das Naturerlebnisbad!<\/p>\n<form action=\"sonderseite.aspx?menuonr=220313040&amp;detailonr=220313040\" method=\"post\" name=\"aspnetForm\"><\/form>\n<form action=\"sonderseite.aspx?menuonr=220313040&amp;detailonr=220313040\" method=\"post\" name=\"aspnetForm\"><span style=\"color: #ffffff;\">.<\/span><\/form>\n<form action=\"sonderseite.aspx?menuonr=220313040&amp;detailonr=220313040\" method=\"post\" name=\"aspnetForm\"><\/form>\n<form action=\"sonderseite.aspx?menuonr=220313040&amp;detailonr=220313040\" method=\"post\" name=\"aspnetForm\"><\/form>\n<form action=\"sonderseite.aspx?menuonr=220313040&amp;detailonr=220313040\" method=\"post\" name=\"aspnetForm\"><\/form>\n<form action=\"sonderseite.aspx?menuonr=220313040&amp;detailonr=220313040\" method=\"post\" name=\"aspnetForm\"><\/form>\n<form action=\"sonderseite.aspx?menuonr=220313040&amp;detailonr=220313040\" method=\"post\" name=\"aspnetForm\"><\/form>\n<form action=\"sonderseite.aspx?menuonr=220313040&amp;detailonr=220313040\" method=\"post\" name=\"aspnetForm\"><\/form>\n<form action=\"sonderseite.aspx?menuonr=220313040&amp;detailonr=220313040\" method=\"post\" name=\"aspnetForm\"><\/form>\n<form action=\"sonderseite.aspx?menuonr=220313040&amp;detailonr=220313040\" method=\"post\" name=\"aspnetForm\"><\/form>\n<form action=\"sonderseite.aspx?menuonr=220313040&amp;detailonr=220313040\" method=\"post\" name=\"aspnetForm\"><\/form>\n<form action=\"sonderseite.aspx?menuonr=220313040&amp;detailonr=220313040\" method=\"post\" name=\"aspnetForm\"><\/form>\n<form action=\"sonderseite.aspx?menuonr=220313040&amp;detailonr=220313040\" method=\"post\" name=\"aspnetForm\"><\/form>\n<form action=\"sonderseite.aspx?menuonr=220313040&amp;detailonr=220313040\" method=\"post\" name=\"aspnetForm\"><\/form>\n<form action=\"sonderseite.aspx?menuonr=220313040&amp;detailonr=220313040\" method=\"post\" name=\"aspnetForm\"><\/form>\n<form action=\"sonderseite.aspx?menuonr=220313040&amp;detailonr=220313040\" method=\"post\" name=\"aspnetForm\"><\/form>\n<form action=\"sonderseite.aspx?menuonr=220313040&amp;detailonr=220313040\" method=\"post\" name=\"aspnetForm\"><\/form>\n<form action=\"sonderseite.aspx?menuonr=220313040&amp;detailonr=220313040\" method=\"post\" name=\"aspnetForm\"><\/form>\n<form action=\"sonderseite.aspx?menuonr=220313040&amp;detailonr=220313040\" method=\"post\" name=\"aspnetForm\"><\/form>\n<form action=\"sonderseite.aspx?menuonr=220313040&amp;detailonr=220313040\" method=\"post\" name=\"aspnetForm\"><\/form>\n<form action=\"sonderseite.aspx?menuonr=220313040&amp;detailonr=220313040\" method=\"post\" name=\"aspnetForm\"><\/form>\n<form action=\"sonderseite.aspx?menuonr=220313040&amp;detailonr=220313040\" method=\"post\" name=\"aspnetForm\"><\/form>\n<form action=\"sonderseite.aspx?menuonr=220313040&amp;detailonr=220313040\" method=\"post\" name=\"aspnetForm\"><\/form>\n<form action=\"sonderseite.aspx?menuonr=220313040&amp;detailonr=220313040\" method=\"post\" name=\"aspnetForm\"><\/form>\n<form action=\"sonderseite.aspx?menuonr=220313040&amp;detailonr=220313040\" method=\"post\" name=\"aspnetForm\"><\/form>\n<form action=\"sonderseite.aspx?menuonr=220313040&amp;detailonr=220313040\" method=\"post\" name=\"aspnetForm\"><\/form>\n<form action=\"sonderseite.aspx?menuonr=220313040&amp;detailonr=220313040\" method=\"post\" name=\"aspnetForm\"><\/form>\n<form action=\"sonderseite.aspx?menuonr=220313040&amp;detailonr=220313040\" method=\"post\" name=\"aspnetForm\"><\/form>\n<form action=\"sonderseite.aspx?menuonr=220313040&amp;detailonr=220313040\" method=\"post\" name=\"aspnetForm\"><\/form>\n<form action=\"sonderseite.aspx?menuonr=220313040&amp;detailonr=220313040\" method=\"post\" name=\"aspnetForm\"><\/form>\n<form action=\"sonderseite.aspx?menuonr=220313040&amp;detailonr=220313040\" method=\"post\" name=\"aspnetForm\"><\/form>\n<form action=\"sonderseite.aspx?menuonr=220313040&amp;detailonr=220313040\" method=\"post\" name=\"aspnetForm\"><\/form>\n<form action=\"sonderseite.aspx?menuonr=220313040&amp;detailonr=220313040\" method=\"post\" name=\"aspnetForm\"><\/form>\n<form action=\"sonderseite.aspx?menuonr=220313040&amp;detailonr=220313040\" method=\"post\" name=\"aspnetForm\"><\/form>\n<form action=\"sonderseite.aspx?menuonr=220313040&amp;detailonr=220313040\" method=\"post\" name=\"aspnetForm\"><\/form>\n<form action=\"sonderseite.aspx?menuonr=220313040&amp;detailonr=220313040\" method=\"post\" name=\"aspnetForm\"><\/form>\n<form action=\"sonderseite.aspx?menuonr=220313040&amp;detailonr=220313040\" method=\"post\" name=\"aspnetForm\"><\/form>\n<form action=\"sonderseite.aspx?menuonr=220313040&amp;detailonr=220313040\" method=\"post\" name=\"aspnetForm\"><\/form>\n<form action=\"sonderseite.aspx?menuonr=220313040&amp;detailonr=220313040\" method=\"post\" name=\"aspnetForm\"><\/form>\n<form action=\"sonderseite.aspx?menuonr=220313040&amp;detailonr=220313040\" method=\"post\" name=\"aspnetForm\"><\/form>\n<form action=\"sonderseite.aspx?menuonr=220313040&amp;detailonr=220313040\" method=\"post\" name=\"aspnetForm\"><\/form>\n<form action=\"sonderseite.aspx?menuonr=220313040&amp;detailonr=220313040\" method=\"post\" name=\"aspnetForm\"><\/form>\n<form action=\"sonderseite.aspx?menuonr=220313040&amp;detailonr=220313040\" method=\"post\" name=\"aspnetForm\"><\/form>\n<form action=\"sonderseite.aspx?menuonr=220313040&amp;detailonr=220313040\" method=\"post\" name=\"aspnetForm\"><\/form>\n","protected":false},"excerpt":{"rendered":"<p>Mitten im Zentrum des Landl`s entstand \u00fcber Initiative der Marktgemeinde Gallspach ein tolles Freizeitzentrum. Gr\u00f6\u00dfere Kartenansicht &nbsp; Die Gemeinde Gallspach freut sich den B\u00fcrgern und G\u00e4sten seit 2007 ein neues [&hellip;]<\/p>\n","protected":false},"author":1,"featured_media":0,"parent":260,"menu_order":4,"comment_status":"closed","ping_status":"open","template":"","meta":{"footnotes":""},"_links":{"self":[{"href":"http:\/\/www.beachvolleysgallspach.at\/index.php?rest_route=\/wp\/v2\/pages\/461"}],"collection":[{"href":"http:\/\/www.beachvolleysgallspach.at\/index.php?rest_route=\/wp\/v2\/pages"}],"about":[{"href":"http:\/\/www.beachvolleysgallspach.at\/index.php?rest_route=\/wp\/v2\/types\/page"}],"author":[{"embeddable":true,"href":"http:\/\/www.beachvolleysgallspach.at\/index.php?rest_route=\/wp\/v2\/users\/1"}],"replies":[{"embeddable":true,"href":"http:\/\/www.beachvolleysgallspach.at\/index.php?rest_route=%2Fwp%2Fv2%2Fcomments&post=461"}],"version-history":[{"count":41,"href":"http:\/\/www.beachvolleysgallspach.at\/index.php?rest_route=\/wp\/v2\/pages\/461\/revisions"}],"predecessor-version":[{"id":2749,"href":"http:\/\/www.beachvolleysgallspach.at\/index.php?rest_route=\/wp\/v2\/pages\/461\/revisions\/2749"}],"up":[{"embeddable":true,"href":"http:\/\/www.beachvolleysgallspach.at\/index.php?rest_route=\/wp\/v2\/pages\/260"}],"wp:attachment":[{"href":"http:\/\/www.beachvolleysgallspach.at\/index.php?rest_route=%2Fwp%2Fv2%2Fmedia&parent=461"}],"curies":[{"name":"wp","href":"https:\/\/api.w.org\/{rel}","templated":true}]}}