{"id":168,"date":"2012-02-14T18:25:50","date_gmt":"2012-02-14T18:25:50","guid":{"rendered":"http:\/\/www.beachvolleysgallspach.at\/?page_id=168"},"modified":"2024-02-08T17:17:04","modified_gmt":"2024-02-08T17:17:04","slug":"vereinsstatuten","status":"publish","type":"page","link":"http:\/\/www.beachvolleysgallspach.at\/?page_id=168","title":{"rendered":"Vereinsstatuten"},"content":{"rendered":"<p><strong>Statuten&nbsp;&nbsp; des Vereins<\/strong><\/p>\n<p><strong>\u00a7 1: Name, Sitz und T\u00e4tigkeitsbereich<\/strong><br \/>\n(1)&nbsp;&nbsp; &nbsp;Der Verein&nbsp; f\u00fchrt den Namen \u201dVolleys Gallspach\u201c<br \/>\n(2)&nbsp;&nbsp; &nbsp;Er hat seinen Sitz in 4713 Gallspach, J\u00f6rgerstrasse 4 und erstreckt seine T\u00e4tigkeit auf Ober\u00f6sterreich<br \/>\n(3)&nbsp;&nbsp; &nbsp;Die Errichtung von Zweigvereinen ist nicht beabsichtigt.<\/p>\n<p><strong>\u00a7 2: Zweck<\/strong><br \/>\nDer Verein, dessen T\u00e4tigkeit nicht auf Gewinn gerichtet ist, bezweckt die Aus\u00fcbung von sportlichen T\u00e4tigkeiten, das Zusammenkommen der Vereinsmitglieder, die Veranstaltung von Hobbyturnieren<\/p>\n<p><strong>\u00a7 3: Mittel zur Erreichung des Vereinszwecks<\/strong><br \/>\n(1)&nbsp;&nbsp; &nbsp;Der Vereinszweck soll durch die in den Abs. 2 und 3 angef\u00fchrten ideellen und materiellen Mittel erreicht werden.<br \/>\n(2)&nbsp;&nbsp; &nbsp;Als ideelle Mittel dienen<br \/>\na)&nbsp;&nbsp; &nbsp;Veranstaltung von Turnieren<br \/>\nb)&nbsp;&nbsp; &nbsp;W\u00f6chentliche Stammtischrunde<br \/>\nc)&nbsp;&nbsp; &nbsp;Versammlungen<br \/>\n(3)&nbsp;&nbsp; &nbsp;Die erforderlichen materiellen Mittel sollen aufgebracht werden durch<br \/>\na)&nbsp;&nbsp; &nbsp;Beitrittsgeb\u00fchren und Mitgliedsbeitr\u00e4ge<br \/>\nb)&nbsp;&nbsp; &nbsp;Sponsoren<br \/>\nc)&nbsp;&nbsp; &nbsp;Veranstaltung von Turnieren<br \/>\nd)&nbsp;&nbsp; &nbsp;Vereinsveranstaltungen<\/p>\n<p><strong>\u00a7 4: Arten der Mitgliedschaft<\/strong><br \/>\n(1)&nbsp;&nbsp; &nbsp;Die Mitglieder des Vereins gliedern sich in ordentliche und au\u00dferordentliche Mitglieder.<br \/>\n(2)&nbsp;&nbsp; &nbsp;Ordentliche Mitglieder sind jene, die sich voll an der Vereinsarbeit beteiligen. Au\u00dferordentliche Mitglieder sind solche, die die Vereinst\u00e4tigkeit vor allem durch Zahlung eines erh\u00f6hten Mitgliedsbeitrags f\u00f6rdern.<\/p>\n<p><strong>\u00a7 5: Erwerb der Mitgliedschaft<\/strong><br \/>\n(1)&nbsp;&nbsp; &nbsp;Mitglieder des Vereins k\u00f6nnen alle physischen Personen, die Interesse an Volleyball und Beachvolleyball haben, sowie juristische Personen und rechtsf\u00e4hige Personengesellschaften werden.<br \/>\n(2)&nbsp;&nbsp; &nbsp;\u00dcber die Aufnahme von ordentlichen und au\u00dferordentlichen Mitgliedern entscheidet der Vorstand. Die Aufnahme kann ohne Angabe von Gr\u00fcnden verweigert werden.<br \/>\n(3)&nbsp;&nbsp; &nbsp;Bis zur Entstehung des Vereins erfolgt die vorl\u00e4ufige Aufnahme von ordentlichen und au\u00dferordentlichen Mitgliedern durch die Vereinsgr\u00fcnder, <span style=\"color: rgb(255, 255, 255);\">.<\/span>im Fall eines bereits bestellten Vorstands durch diesen. Diese Mitgliedschaft wird erst mit Entstehung des Vereins wirksam. Wird ein Vorstand erst nach Entstehung des Vereins bestellt, erfolgt auch die (definitive) Aufnahme ordentlicher und au\u00dferordentlicher Mitglieder bis dahin durch die Gr\u00fcnder des Vereins.<\/p>\n<p><strong>\u00a7 6: Beendigung der Mitgliedschaft<\/strong><br \/>\n(1)&nbsp;&nbsp; &nbsp;Die Mitgliedschaft erlischt durch Tod, bei juristischen Personen und rechtsf\u00e4higen Personengesellschaften durch Verlust der Rechtspers\u00f6nlichkeit, durch freiwilligen Austritt und durch Ausschluss.<br \/>\n(2)&nbsp;&nbsp; &nbsp;Der Austritt kann nur zum Jahresende, 31. Dezember, erfolgen. Er muss dem Vorstand mindestens 3 Monate vorher schriftlich mitgeteilt werden. Erfolgt die Anzeige versp\u00e4tet, so ist sie erst zum n\u00e4chsten Austrittstermin wirksam. F\u00fcr die Rechtzeitigkeit ist das Datum der Postaufgabe ma\u00dfgeblich.<br \/>\n(3)&nbsp;&nbsp; &nbsp;Der Vorstand kann ein Mitglied ausschlie\u00dfen, wenn dieses trotz zweimaliger schriftlicher Mahnung unter Setzung einer angemessenen Nachfrist l\u00e4nger als sechs Monate mit der Zahlung der Mitgliedsbeitr\u00e4ge im R\u00fcckstand ist. Die Verpflichtung zur Zahlung der f\u00e4llig gewordenen Mitgliedsbeitr\u00e4ge bleibt hiervon unber\u00fchrt.<br \/>\n(4)&nbsp;&nbsp; &nbsp;Der Ausschluss eines Mitglieds aus dem Verein kann vom Vorstand auch wegen grober Verletzung anderer Mitgliedspflichten und wegen unehrenhaften Verhaltens verf\u00fcgt werden.<\/p>\n<p><strong>\u00a7 7: Rechte und Pflichten der Mitglieder<\/strong><br \/>\n(1)&nbsp;&nbsp; &nbsp;Die Mitglieder sind berechtigt, an allen Veranstaltungen des Vereins teilzunehmen und die Einrichtungen des Vereins zu beanspruchen. Das <span style=\"color: rgb(255, 255, 255);\">.<\/span>Stimmrecht in der Generalversammlung sowie das aktive und passive <span style=\"color: rgb(255, 255, 255);\">.<\/span>Wahlrecht stehen nur den ordentlichen zu.<br \/>\n(2)&nbsp;&nbsp; &nbsp;Jedes Mitglied ist berechtigt, vom Vorstand die Ausfolgung der Statuten zu <span style=\"color: rgb(255, 255, 255);\">.<\/span>verlangen.<br \/>\n(3)&nbsp;&nbsp; &nbsp;Mindestens ein Zehntel der Mitglieder kann vom Vorstand die Einberufung <span style=\"color: rgb(255, 255, 255);\">.<\/span>einer Generalversammlung verlangen.<br \/>\n(4)&nbsp;&nbsp; &nbsp;Die Mitglieder sind in jeder Generalversammlung vom Vorstand \u00fcber die T\u00e4tigkeit und finanzielle Gebarung des Vereins zu informieren. Wenn mindestens ein Zehntel der Mitglieder dies unter Angabe von Gr\u00fcnden <span style=\"color: rgb(255, 255, 255);\">.<\/span>verlangt, hat der Vorstand den betreffenden Mitgliedern eine solche Information auch sonst binnen vier Wochen zu geben.<br \/>\n(5)&nbsp;&nbsp; &nbsp;Die Mitglieder sind vom Vorstand \u00fcber den gepr\u00fcften Rechnungsabschluss <span style=\"color: rgb(255, 255, 255);\">.<\/span>(Rechnungslegung) zu informieren. Geschieht dies in der <span style=\"color: rgb(255, 255, 255);\">.<\/span>Generalversammlung, sind die Rechnungspr\u00fcfer einzubinden.<br \/>\n(6)&nbsp;&nbsp; &nbsp;Die Mitglieder sind verpflichtet, die Interessen des Vereins nach Kr\u00e4ften zu <span style=\"color: rgb(255, 255, 255);\">.<\/span>f\u00f6rdern und alles zu unterlassen, wodurch das Ansehen und der Zweck des <span style=\"color: rgb(255, 255, 255);\">.<\/span>Vereins Abbruch erleiden k\u00f6nnte. Sie haben die Vereinsstatuten und die Beschl\u00fcsse der Vereinsorgane zu beachten. Die ordentlichen und au\u00dferordentlichen Mitglieder sind zur p\u00fcnktlichen Zahlung der Beitrittsgeb\u00fchr und der Mitgliedsbeitr\u00e4ge in der von der<span style=\"color: rgb(255, 255, 255);\">.<\/span>Generalversammlung beschlossenen H\u00f6he verpflichtet.<\/p>\n<p><strong>\u00a7 8: Vereinsorgane<\/strong><br \/>\nOrgane des Vereins sind die Generalversammlung (\u00a7\u00a7 9 und 10), der Vorstand (\u00a7\u00a7 11 bis 13), die Rechnungspr\u00fcfer (\u00a7 14) und das Schiedsgericht (\u00a7 15).<\/p>\n<p><strong>\u00a7 9: Generalversammlung<\/strong><br \/>\n(1)&nbsp;&nbsp; &nbsp;Die Generalversammlung ist die \u201eMitgliederversammlung\u201c im Sinne des Vereinsgesetzes 2002. Eine ordentliche Generalversammlung findet&nbsp; j\u00e4hrlich&nbsp; statt.<br \/>\n(2)&nbsp;&nbsp; &nbsp;Eine au\u00dferordentliche Generalversammlung findet auf<br \/>\na.&nbsp;&nbsp; &nbsp;Beschluss des Vorstands oder der ordentlichen Generalversammlung,<br \/>\nb.&nbsp;&nbsp; &nbsp;schriftlichen Antrag von mindestens einem Zehntel der Mitglieder,<br \/>\nc.&nbsp;&nbsp; &nbsp;Verlangen der Rechnungspr\u00fcfer (\u00a7 21 Abs. 5 erster Satz VereinsG),<br \/>\nd.&nbsp;&nbsp; &nbsp;Beschluss der\/eines Rechnungspr\u00fcfer\/s (\u00a7 21 Abs. 5 zweiter Satz VereinsG, \u00a7 11 Abs. 2 dritter Satz dieser Statuten),<br \/>\ne.&nbsp;&nbsp; &nbsp;Beschluss eines gerichtlich bestellten Kurators (\u00a7 11 Abs. 2 letzter Satz dieser Statuten)<br \/>\nbinnen vier Wochen statt.<br \/>\n(3)&nbsp;&nbsp; &nbsp;Sowohl zu den ordentlichen wie auch zu den au\u00dferordentlichen Generalversammlungen sind alle Mitglieder mindestens zwei Wochen vor dem Termin schriftlich, mittels Telefax oder per E-Mail (an die vom Mitglied dem Verein bekanntgegebene Fax-Nummer oder E-Mail-Adresse) einzuladen. Die Anberaumung der Generalversammlung hat unter Angabe der Tagesordnung zu erfolgen. Die Einberufung erfolgt durch den Vorstand (Abs. 1 und Abs. 2 lit. a \u2013 c), durch die\/einen Rechnungspr\u00fcfer (Abs. 2 lit. d).<br \/>\n(4)&nbsp;&nbsp; &nbsp;Antr\u00e4ge zur Generalversammlung sind mindestens drei Tage vor dem Termin der Generalversammlung beim Vorstand schriftlich, mittels Telefax oder per E-Mail einzureichen.<br \/>\n(5)&nbsp;&nbsp; &nbsp;G\u00fcltige Beschl\u00fcsse \u2013 ausgenommen solche \u00fcber einen Antrag auf Einberufung einer au\u00dferordentlichen Generalversammlung \u2013 k\u00f6nnen nur zur Tagesordnung gefasst werden.<br \/>\n(6)&nbsp;&nbsp; &nbsp;Bei der Generalversammlung sind alle Mitglieder teilnahmeberechtigt. Stimmberechtigt sind nur die ordentlichen Mitglieder. Jedes Mitglied hat eine Stimme. Die \u00dcbertragung des Stimmrechts auf ein anderes Mitglied im Wege einer schriftlichen Bevollm\u00e4chtigung ist zul\u00e4ssig.<br \/>\n(7)&nbsp;&nbsp; &nbsp;Die Generalversammlung ist ohne R\u00fccksicht auf die Anzahl der Erschienenen beschlussf\u00e4hig.<br \/>\n(8)&nbsp;&nbsp; &nbsp;Die Wahlen und die Beschlussfassungen in der Generalversammlung erfolgen in der Regel mit einfacher Mehrheit der abgegebenen g\u00fcltigen Stimmen. Beschl\u00fcsse, mit denen das Statut des Vereins ge\u00e4ndert oder der Verein aufgel\u00f6st werden soll, bed\u00fcrfen jedoch einer qualifizierten Mehrheit von zwei Dritteln der abgegebenen g\u00fcltigen Stimmen.<br \/>\n(9)&nbsp;&nbsp; &nbsp;Den Vorsitz in der Generalversammlung f\u00fchrt der\/die Obmann\/Obfrau, in dessen\/deren Verhinderung sein\/e\/ihr\/e Stellvertreter\/in. Wenn auch diese\/r verhindert ist, so f\u00fchrt das an Jahren \u00e4lteste anwesende Vorstandsmitglied den Vorsitz.<\/p>\n<p>Aufgaben der Generalversammlung<br \/>\nDer Generalversammlung sind folgende Aufgaben vorbehalten:<br \/>\na)&nbsp;&nbsp; &nbsp;Beschlussfassung \u00fcber den Voranschlag;<br \/>\nb)&nbsp;&nbsp; &nbsp;Entgegennahme und Genehmigung des Rechenschaftsberichts und des Rechnungsabschlusses unter Einbindung der Rechnungspr\u00fcfer;<br \/>\nc)&nbsp;&nbsp; &nbsp;Wahl und Enthebung der Mitglieder des Vorstands und der Rechnungspr\u00fcfer;<br \/>\nd)&nbsp;&nbsp; &nbsp;Genehmigung von Rechtsgesch\u00e4ften zwischen Rechnungspr\u00fcfern und Verein;<br \/>\ne)&nbsp;&nbsp; &nbsp;Entlastung des Vorstands;<br \/>\nf)&nbsp;&nbsp; &nbsp;Festsetzung der H\u00f6he der Beitrittsgeb\u00fchr und der Mitgliedsbeitr\u00e4ge f\u00fcr ordentliche und f\u00fcr au\u00dferordentliche Mitglieder;<br \/>\ng)&nbsp;&nbsp; &nbsp;Verleihung und Aberkennung der Ehrenmitgliedschaft;<br \/>\nh)&nbsp;&nbsp; &nbsp;Beschlussfassung \u00fcber Statuten\u00e4nderungen und die freiwillige Aufl\u00f6sung des Vereins;<br \/>\ni)&nbsp;&nbsp; &nbsp;Beratung und Beschlussfassung \u00fcber sonstige auf der Tagesordnung stehende Fragen.<\/p>\n<p><strong>\u00a7 11: Vorstand<\/strong><br \/>\n(1)&nbsp;&nbsp; &nbsp;Der Vorstand besteht aus sechs Mitgliedern, und zwar aus Obmann\/Obfrau und Stellvertreter\/in, Schriftf\u00fchrer\/in und Stellvertreter\/in sowie Kassier\/in und Stellvertreter\/in.<br \/>\n(2)&nbsp;&nbsp; &nbsp;Der Vorstand wird von der Generalversammlung gew\u00e4hlt. Der Vorstand hat bei Ausscheiden eines gew\u00e4hlten Mitglieds das Recht, an seine Stelle ein anderes w\u00e4hlbares Mitglied zu kooptieren, wozu die nachtr\u00e4gliche Genehmigung in der n\u00e4chstfolgenden Generalversammlung einzuholen ist. F\u00e4llt der Vorstand ohne Selbsterg\u00e4nzung durch Kooptierung \u00fcberhaupt oder auf unvorhersehbar lange Zeit aus, so ist jeder Rechnungspr\u00fcfer verpflichtet, unverz\u00fcglich eine au\u00dferordentliche Generalversammlung zum Zweck der Neuwahl eines Vorstands einzuberufen. Sollten auch die Rechnungspr\u00fcfer handlungsunf\u00e4hig sein, hat jedes ordentliche Mitglied, das die Notsituation erkennt, unverz\u00fcglich die Bestellung eines Kurators beim zust\u00e4ndigen Gericht zu beantragen, der umgehend eine au\u00dferordentliche Generalversammlung einzuberufen hat.<br \/>\n(3)&nbsp;&nbsp; &nbsp;Die Funktionsperiode des Vorstands betr\u00e4gt 2 Jahre; Wiederwahl ist m\u00f6glich. Jede Funktion im Vorstand ist pers\u00f6nlich auszu\u00fcben.<br \/>\n(4)&nbsp;&nbsp; &nbsp;Der Vorstand wird vom Obmann\/von der Obfrau, bei Verhinderung von seinem\/seiner\/ihrem\/ihrer Stellvertreter\/in, schriftlich oder m\u00fcndlich einberufen. Ist auch diese\/r auf unvorhersehbar lange Zeit verhindert, darf jedes sonstige Vorstandsmitglied den Vorstand einberufen.<br \/>\n(5)&nbsp;&nbsp; &nbsp;Der Vorstand ist beschlussf\u00e4hig, wenn alle seine Mitglieder eingeladen wurden und mindestens die H\u00e4lfte von ihnen anwesend ist.<br \/>\n(6)&nbsp;&nbsp; &nbsp;Der Vorstand fasst seine Beschl\u00fcsse mit einfacher Stimmenmehrheit; bei Stimmengleichheit gibt die Stimme des\/der Vorsitzenden den Ausschlag.<br \/>\n(7)&nbsp;&nbsp; &nbsp;Den Vorsitz f\u00fchrt der\/die Obmann\/Obfrau, bei Verhinderung sein\/e\/ihr\/e Stellvertreter\/in. Ist auch diese\/r verhindert, obliegt der Vorsitz dem an Jahren \u00e4ltesten anwesenden Vorstandsmitglied oder jenem Vorstandsmitglied, das die \u00fcbrigen Vorstandsmitglieder mehrheitlich dazu bestimmen.<br \/>\n(8)&nbsp;&nbsp; &nbsp;Au\u00dfer durch den Tod und Ablauf der Funktionsperiode (Abs. 3) erlischt die Funktion eines Vorstandsmitglieds durch Enthebung (Abs. 9) und R\u00fccktritt (Abs. 10).<br \/>\n(9)&nbsp;&nbsp; &nbsp;Die Generalversammlung kann jederzeit den gesamten Vorstand oder einzelne seiner Mitglieder entheben. Die Enthebung tritt mit Bestellung des neuen Vorstands bzw Vorstandsmitglieds in Kraft.<br \/>\n(10)&nbsp;&nbsp; &nbsp;Die Vorstandsmitglieder k\u00f6nnen jederzeit schriftlich ihren R\u00fccktritt erkl\u00e4ren. Die R\u00fccktrittserkl\u00e4rung ist&nbsp; an den Vorstand, im Falle des R\u00fccktritts des gesamten Vorstands an die Generalversammlung zu richten. Der R\u00fccktritt wird erst mit Wahl bzw Kooptierung (Abs. 2) eines Nachfolgers wirksam.<\/p>\n<p><strong>\u00a7 12: Aufgaben des Vorstands<\/strong><br \/>\nDem Vorstand obliegt die Leitung des Vereins. Er ist das \u201eLeitungsorgan\u201c im Sinne des Vereinsgesetzes 2002. Ihm kommen alle Aufgaben zu, die nicht durch die Statuten einem anderen Vereinsorgan zugewiesen sind. In seinen Wirkungsbereich fallen insbesondere folgende Angelegenheiten:<br \/>\n(1)&nbsp;&nbsp; &nbsp;Einrichtung eines den Anforderungen des Vereins entsprechenden Rechnungswesens mit laufender Aufzeichnung der Einnahmen\/Ausgaben und F\u00fchrung eines Verm\u00f6gensverzeichnisses als Mindesterfordernis;<br \/>\n(2)&nbsp;&nbsp; &nbsp;Erstellung des Jahresvoranschlags, des Rechenschaftsberichts und des Rechnungsabschlusses;<br \/>\n(3)&nbsp;&nbsp; &nbsp;Vorbereitung und Einberufung der Generalversammlung in den F\u00e4llen des \u00a7 9 Abs. 1 und Abs. 2 lit. a \u2013 c dieser Statuten;<br \/>\n(4)&nbsp;&nbsp; &nbsp;Information der Vereinsmitglieder \u00fcber die Vereinst\u00e4tigkeit, die Vereinsgebarung und den gepr\u00fcften Rechnungsabschluss;<br \/>\n(5)&nbsp;&nbsp; &nbsp;Verwaltung des Vereinsverm\u00f6gens;<br \/>\n(6)&nbsp;&nbsp; &nbsp;Aufnahme und Ausschluss von ordentlichen und au\u00dferordentlichen Vereinsmitgliedern;<br \/>\n(7)&nbsp;&nbsp; &nbsp;Aufnahme und K\u00fcndigung von Angestellten des Vereins.<\/p>\n<p><strong>\u00a7 13: Besondere Obliegenheiten einzelner Vorstandsmitglieder<\/strong><br \/>\n(1)&nbsp;&nbsp; &nbsp;Der\/die Obmann\/Obfrau f\u00fchrt die laufenden Gesch\u00e4fte des Vereins. Der\/die Schriftf\u00fchrer\/in unterst\u00fctzt den\/die Obmann\/Obfrau bei der F\u00fchrung der Vereinsgesch\u00e4fte.<br \/>\n(2)&nbsp;&nbsp; &nbsp;Der\/die Obmann\/Obfrau vertritt den Verein nach au\u00dfen. Schriftliche Ausfertigungen des Vereins bed\u00fcrfen zu ihrer G\u00fcltigkeit der Unterschriften des\/der Obmanns\/Obfrau und des Schriftf\u00fchrers\/der Schriftf\u00fchrerin, in Geldangelegenheiten (verm\u00f6genswerte Dispositionen) des\/der Obmanns\/Obfrau und des Kassiers\/der Kassierin. Rechtsgesch\u00e4fte zwischen Vorstandsmitgliedern und Verein bed\u00fcrfen der Zustimmung eines anderen Vorstandsmitglieds.<br \/>\n(3)&nbsp;&nbsp; &nbsp;Rechtsgesch\u00e4ftliche Bevollm\u00e4chtigungen, den Verein nach au\u00dfen zu vertreten bzw. f\u00fcr ihn zu zeichnen, k\u00f6nnen ausschlie\u00dflich von den in Abs. 2 genannten Vorstandsmitgliedern erteilt werden.<br \/>\n(4)&nbsp;&nbsp; &nbsp;Bei Gefahr im Verzug ist der\/die Obmann\/Obfrau berechtigt, auch in Angelegenheiten, die in den Wirkungsbereich der Generalversammlung oder des Vorstands fallen, unter eigener Verantwortung selbst\u00e4ndig Anordnungen zu treffen; im Innenverh\u00e4ltnis bed\u00fcrfen diese jedoch der nachtr\u00e4glichen Genehmigung durch das zust\u00e4ndige Vereinsorgan.<br \/>\n(5)&nbsp;&nbsp; &nbsp;Der\/die Obmann\/Obfrau f\u00fchrt den Vorsitz in der Generalversammlung und im Vorstand.<br \/>\n(6)&nbsp;&nbsp; &nbsp;Der\/die Schriftf\u00fchrer\/in f\u00fchrt die Protokolle der Generalversammlung und des Vorstands.<br \/>\n(7)&nbsp;&nbsp; &nbsp;Der\/die Kassier\/in ist f\u00fcr die ordnungsgem\u00e4\u00dfe Geldgebarung des Vereins verantwortlich.<br \/>\n(8)&nbsp;&nbsp; &nbsp;Im Fall der Verhinderung treten an die Stelle des\/der Obmanns\/Obfrau, des Schriftf\u00fchrers\/der Schriftf\u00fchrerin oder des Kassiers\/der Kassierin ihre Stellvertreter\/innen.<br \/>\n(9)&nbsp;&nbsp; &nbsp;F\u00fcr Zahlungen bis zu der vom Vorstand festgesetzten H\u00f6he sind der Obmann und der Kassier einzeln zeichnungsberechtigt, dar\u00fcber hinaus sind sie nur gemeinsam zeichnungsberechtigt. Der Obmann hat das Recht \u2013 unbeschadet seiner Verantwortlichkeit \u2013 dem Gesch\u00e4ftsf\u00fchrer das Anweisungsrecht in genau festzulegenden F\u00e4llen schriftlich zu \u00fcbertragen.<\/p>\n<p><strong>\u00a7 14: Rechnungspr\u00fcfer<\/strong><br \/>\n(1)&nbsp;&nbsp; &nbsp;Zwei Rechnungspr\u00fcfer werden von der Generalversammlung auf die Dauer von 2 Jahren gew\u00e4hlt. Wiederwahl ist m\u00f6glich. Die Rechnungspr\u00fcfer d\u00fcrfen keinem Organ \u2013 mit Ausnahme der Generalversammlung \u2013 angeh\u00f6ren, dessen T\u00e4tigkeit Gegenstand der Pr\u00fcfung ist.<br \/>\n(2)&nbsp;&nbsp; &nbsp;Den Rechnungspr\u00fcfern obliegen die laufende Gesch\u00e4ftskontrolle sowie die Pr\u00fcfung der Finanzgebarung des Vereins im Hinblick auf die Ordnungsm\u00e4\u00dfigkeit der Rechnungslegung und die statutengem\u00e4\u00dfe Verwendung der Mittel. Der Vorstand hat den Rechnungspr\u00fcfern die erforderlichen Unterlagen vorzulegen und die erforderlichen Ausk\u00fcnfte zu erteilen. Die Rechnungspr\u00fcfer haben dem Vorstand \u00fcber das Ergebnis der Pr\u00fcfung zu berichten.<br \/>\n(3)&nbsp;&nbsp; &nbsp;Rechtsgesch\u00e4fte zwischen Rechnungspr\u00fcfern und Verein bed\u00fcrfen der Genehmigung durch die Generalversammlung. Im \u00dcbrigen gelten f\u00fcr die Rechnungspr\u00fcfer die Bestimmungen des \u00a7 11 Abs. 8 bis 10 sinngem\u00e4\u00df.<\/p>\n<p><strong>\u00a7 15: Schiedsgericht<\/strong><br \/>\n(1)&nbsp;&nbsp; &nbsp;Zur Schlichtung von allen aus dem Vereinsverh\u00e4ltnis entstehenden Streitigkeiten ist das vereinsinterne Schiedsgericht berufen. Es ist eine \u201eSchlichtungseinrichtung\u201c im Sinne des Vereinsgesetzes 2002 und kein Schiedsgericht nach den \u00a7\u00a7 577 ff ZPO.<br \/>\n(2)&nbsp;&nbsp; &nbsp;Das Schiedsgericht setzt sich aus drei ordentlichen Vereinsmitgliedern zusammen. Es wird derart gebildet, dass ein Streitteil dem Vorstand ein Mitglied als Schiedsrichter schriftlich namhaft macht. \u00dcber Aufforderung durch den Vorstand binnen sieben Tagen macht der andere Streitteil innerhalb von 14 Tagen seinerseits ein Mitglied des Schiedsgerichts namhaft. Nach Verst\u00e4ndigung durch den Vorstand innerhalb von sieben Tagen w\u00e4hlen die namhaft gemachten Schiedsrichter binnen weiterer 14 Tage ein drittes ordentliches Mitglied zum\/zur Vorsitzenden des Schiedsgerichts. Bei Stimmengleichheit entscheidet unter den Vorgeschlagenen das Los. Die Mitglieder des Schiedsgerichts d\u00fcrfen keinem Organ \u2013 mit Ausnahme der Generalversammlung \u2013 angeh\u00f6ren, dessen T\u00e4tigkeit Gegenstand der Streitigkeit ist.<br \/>\n(3)&nbsp;&nbsp; &nbsp;Das Schiedsgericht f\u00e4llt seine Entscheidung nach Gew\u00e4hrung beiderseitigen Geh\u00f6rs bei Anwesenheit aller seiner Mitglieder mit einfacher Stimmenmehrheit. Es entscheidet nach bestem Wissen und Gewissen. Seine Entscheidungen sind vereinsintern endg\u00fcltig.<\/p>\n<p><strong>\u00a7 16: Freiwillige Aufl\u00f6sung des Vereins<\/strong><br \/>\n(1)&nbsp;&nbsp; &nbsp;Die freiwillige Aufl\u00f6sung des Vereins kann nur in einer Generalversammlung und nur mit Zweidrittelmehrheit der abgegebenen g\u00fcltigen Stimmen beschlossen werden.<br \/>\n(2)&nbsp;&nbsp; &nbsp;Diese Generalversammlung hat auch \u2013 sofern Vereinsverm\u00f6gen vorhanden ist \u2013 \u00fcber die Abwicklung zu beschlie\u00dfen. Insbesondere hat sie einen Abwickler zu berufen und Beschluss dar\u00fcber zu fassen, wem dieser das nach Abdeckung der Passiven verbleibende Vereinsverm\u00f6gen zu \u00fcbertragen hat. Dieses Verm\u00f6gen soll, soweit dies m\u00f6glich und erlaubt ist, einer Organisation zufallen, die gleiche oder \u00e4hnliche Zwecke wie dieser Verein verfolgt, sonst Zwecken der Sozialhilfe.<\/p>\n","protected":false},"excerpt":{"rendered":"<p>Statuten&nbsp;&nbsp; des Vereins \u00a7 1: Name, Sitz und T\u00e4tigkeitsbereich (1)&nbsp;&nbsp; &nbsp;Der Verein&nbsp; f\u00fchrt den Namen \u201dVolleys Gallspach\u201c (2)&nbsp;&nbsp; &nbsp;Er hat seinen Sitz in 4713 Gallspach, J\u00f6rgerstrasse 4 und erstreckt seine [&hellip;]<\/p>\n","protected":false},"author":1,"featured_media":0,"parent":85,"menu_order":3,"comment_status":"closed","ping_status":"open","template":"","meta":{"footnotes":""},"_links":{"self":[{"href":"http:\/\/www.beachvolleysgallspach.at\/index.php?rest_route=\/wp\/v2\/pages\/168"}],"collection":[{"href":"http:\/\/www.beachvolleysgallspach.at\/index.php?rest_route=\/wp\/v2\/pages"}],"about":[{"href":"http:\/\/www.beachvolleysgallspach.at\/index.php?rest_route=\/wp\/v2\/types\/page"}],"author":[{"embeddable":true,"href":"http:\/\/www.beachvolleysgallspach.at\/index.php?rest_route=\/wp\/v2\/users\/1"}],"replies":[{"embeddable":true,"href":"http:\/\/www.beachvolleysgallspach.at\/index.php?rest_route=%2Fwp%2Fv2%2Fcomments&post=168"}],"version-history":[{"count":15,"href":"http:\/\/www.beachvolleysgallspach.at\/index.php?rest_route=\/wp\/v2\/pages\/168\/revisions"}],"predecessor-version":[{"id":7101,"href":"http:\/\/www.beachvolleysgallspach.at\/index.php?rest_route=\/wp\/v2\/pages\/168\/revisions\/7101"}],"up":[{"embeddable":true,"href":"http:\/\/www.beachvolleysgallspach.at\/index.php?rest_route=\/wp\/v2\/pages\/85"}],"wp:attachment":[{"href":"http:\/\/www.beachvolleysgallspach.at\/index.php?rest_route=%2Fwp%2Fv2%2Fmedia&parent=168"}],"curies":[{"name":"wp","href":"https:\/\/api.w.org\/{rel}","templated":true}]}}